at are the prime factors of 277?
277
What are the prime factors of 1153?
1153
List the prime factors of 609.
3, 7, 29
What are the prime factors of 1398?
2, 3, 233
List the prime factors of 13044.
2, 3, 1087
What are the prime factors of 1075?
5, 43
List the prime factors of 41717.
13, 3209
What are the prime factors of 6666?
2, 3, 11, 101
List the prime factors of 2905.
5, 7, 83
List the prime factors of 103.
103
What are the prime factors of 1693?
1693
List the prime factors of 63088.
2, 3943
What are the prime factors of 975?
3, 5, 13
List the prime factors of 439.
439
What are the prime factors of 799?
17, 47
What are the prime factors of 1102?
2, 19, 29
What are the prime factors of 61541?
19, 41, 79
List the prime factors of 2145.
3, 5, 11, 13
List the prime factors of 3761.
3761
List the prime factors of 731.
17, 43
List the prime factors of 1065.
3, 5, 71
List the prime factors of 8305.
5, 11, 151
List the prime factors of 7063.
7, 1009
What are the prime factors of 1522?
2, 761
List the prime factors of 517.
11, 47
What are the prime factors of 3077?
17, 181
What are the prime factors of 50289?
3, 16763
What are the prime factors of 18775?
5, 751
List the prime factors of 10696.
2, 7, 191
What are the prime factors of 47956?
2, 19, 631
What are the prime factors of 138755?
5, 27751
List the prime factors of 8076.
2, 3, 673
What are the prime factors of 41240?
2, 5, 1031
What are the prime factors of 7941?
3, 2647
What are the prime factors of 2395?
5, 479
List the prime factors of 5041.
71
What are the prime factors of 612?
2, 3, 17
What are the prime factors of 516?
2, 3, 43
What are the prime factors of 350?
2, 5, 7
What are the prime factors of 55431?
3, 2053
List the prime factors of 7100.
2, 5, 71
What are the prime factors of 12969?
3, 11, 131
List the prime factors of 14240.
2, 5, 89
What are the prime factors of 2339?
2339
What are the prime factors of 1223?
1223
List the prime factors of 16422.
2, 3, 7, 17, 23
What are the prime factors of 410?
2, 5, 41
What are the prime factors of 322?
2, 7, 23
List the prime factors of 30754.
2, 15377
List the prime factors of 1398.
2, 3, 233
What are the prime factors of 334?
2, 167
What are the prime factors of 1918?
2, 7, 137
List the prime factors of 435.
3, 5, 29
What are the prime factors of 2614?
2, 1307
What are the prime factors of 12296?
2, 29, 53
List the prime factors of 46535.
5, 41, 227
List the prime factors of 41867.
7, 5981
List the prime factors of 5451.
3, 23, 79
List the prime factors of 2441.
2441
List the prime factors of 9146.
2, 17, 269
List the prime factors of 57383.
57383
List the prime factors of 134869.
7, 19267
What are the prime factors of 20886?
2, 3, 59
What are the prime factors of 3159?
3, 13
What are the prime factors of 464?
2, 29
What are the prime factors of 151851?
3, 7, 1033
List the prime factors of 155017.
155017
List the prime factors of 48265.
5, 7, 197
List the prime factors of 2973.
3, 991
What are the prime factors of 3791?
17, 223
List the prime factors of 2970.
2, 3, 5, 11
List the prime factors of 616.
2, 7, 11
List the prime factors of 3559.
3559
What are the prime factors of 462?
2, 3, 7, 11
List the prime factors of 65605.
5, 13121
List the prime factors of 5245.
5, 1049
List the prime factors of 20579.
13, 1583
What are the prime factors of 1064?
2, 7, 19
What are the prime factors of 82781?
82781
List the prime factors of 1284.
2, 3, 107
List the prime factors of 4389.
3, 7, 11, 19
What are the prime factors of 4574?
2, 2287
What are the prime factors of 2121?
3, 7, 101
List the prime factors of 2602.
2, 1301
What are the prime factors of 1088?
2, 17
List the prime factors of 123747.
3, 13, 19, 167
List the prime factors of 42265.
5, 79, 107
List the prime factors of 20483.
20483
List the prime factors of 20742.
2, 3, 3457
List the prime factors of 42518.
2, 7, 3037
What are the prime factors of 1096?
2, 137
What are the prime factors of 2640?
2, 3, 5, 11
List the prime factors of 227.
227
List the prime factors of 23812.
2, 5953
List the prime factors of 11237.
17, 661
What are the prime factors of 3499?
3499
List the prime factors of 18.
2, 3
List the prime factors of 333.
3, 37
What are the prime factors of 1141?
7, 163
List the prime factors of 10264.
2, 1283
List the prime factors of 16077.
3, 23, 233
List the prime factors of 6836.
2, 1709
What are the prime factors of 1299?
3, 433
List the prime factors of 8890.
2, 5, 7, 127
List the prime factors of 143195.
5, 13, 2203
List the prime factors of 1185.
3, 5, 79
What are the prime factors of 1329?
3, 443
What are the prime factors of 6669?
3, 13, 19
What are the prime factors of 3461?
3461
What are the prime factors of 2294?
2, 31, 37
List the prime factors of 11398.
2, 41, 139
List the prime factors of 2103.
3, 701
List the prime factors of 380.
2, 5, 19
What are the prime factors of 16179?
3, 5393
List the prime factors of 105403.
109, 967
What are the prime factors of 265?
5, 53
List the prime factors of 2127.
3, 709
List the prime factors of 6360.
2, 3, 5, 53
List the prime factors of 813.
3, 271
What are the prime factors of 19739?
19739
List the prime factors of 59355.
3, 5, 1319
List the prime factors of 10487.
10487
List the prime factors of 44.
2, 11
List the prime factors of 70.
2, 5, 7
List the prime factors of 16139.
16139
List the prime factors of 10243.
10243
List the prime factors of 1582.
2, 7, 113
What are the prime factors of 138?
2, 3, 23
What are the prime factors of 17835?
3, 5, 29, 41
What are the prime factors of 72305?
5, 14461
List the prime factors of 1183.
7, 13
What are the prime factors of 5930?
2, 5, 593
What are the prime factors of 9360?
2, 3, 5, 13
What are the prime factors of 13860?
2, 3, 5, 7, 11
List the prime factors of 331.
331
List the prime factors of 1223.
1223
What are the prime factors of 561?
3, 11, 17
List the prime factors of 25499.
43, 593
What are the prime factors of 31916?
2, 79, 101
List the prime factors of 1496.
2, 11, 17
List the prime factors of 20923.
7, 61
List the prime factors of 14809.
59, 251
What are the prime factors of 57126?
2, 3, 9521
List the prime factors of 2285.
5, 457
List the prime factors of 88099.
11, 8009
What are the prime factors of 668?
2, 167
List the prime factors of 3425.
5, 137
What are the prime factors of 1299?
3, 433
What are the prime factors of 16212?
2, 3, 7, 193
What are the prime factors of 50883?
3, 7, 2423
List the prime factors of 37958.
2, 18979
List the prime factors of 10713.
3, 3571
What are the prime factors of 1775?
5, 71
List the prime factors of 45857.
7, 6551
What are the prime factors of 1225?
5, 7
List the prime factors of 3148.
2, 787
List the prime factors of 2025.
3, 5
What are the prime factors of 11515?
5, 7, 47
List the prime factors of 7828.
2, 19, 103
List the prime factors of 1564.
2, 17, 23
List the prime factors of 25629.
3, 8543
List the prime factors of 1998.
2, 3, 37
List the prime factors of 4807.
11, 19, 23
What are the prime factors of 2241?
3, 83
What are the prime factors of 94286?
2, 47143
What are the prime factors of 37?
37
What are the prime factors of 5946?
2, 3, 991
List the prime factors of 78098.
2, 17, 2297
What are the prime factors of 660?
2, 3, 5, 11
List the prime factors of 28433.
28433
What are the prime factors of 13289?
97, 137
List the prime factors of 133.
7, 19
List the prime factors of 37029.
3, 12343
What are the prime factors of 3252?
2, 3, 271
What are the prime factors of 542?
2, 271
What are the prime factors of 2461?
23, 107
List the prime factors of 997.
997
List the prime factors of 809.
809
What are the prime factors of 27289?
29, 941
What are the prime factors of 2493?
3, 277
List the prime factors of 1615.
5, 17, 19
List the prime factors of 15039.
3, 557
List the prime factors of 679.
7, 97
What are the prime factors of 92144?
2, 13, 443
List the prime factors of 656.
2, 41
What are the prime factors of 18710?
2, 5, 1871
What are the prime factors of 10867?
10867
What are the prime factors of 98480?
2, 5, 1231
List the prime factors of 31718.
2, 15859
List the prime factors of 21499.
21499
List the prime factors of 101.
101
List the prime factors of 12038.
2, 13, 463
What are the prime factors of 436?
2, 109
What are the